v + 413 = -0*h. Let k = -181 + h. Let f be (-42)/20 + (-5)/k. Let x(c) = c**3 - c**2 - 3*c - 1. Determine x(f).
-7
Let y(m) = 59*m + 15. Let v(f) = 66*f + 16. Let s(w) = 8*v(w) - 9*y(w). Let h be (0 - 5) + 1 + -2. What is s(h)?
11
Let u(b) = -2*b + 1. Let m be u(2). Let x = 112 - 110. Let k(j) = -x*j + 16*j**2 - j + 3 - j**3 - 21*j**2. Determine k(m).
-6
Let a = 311 + -324. Let u(o) = -2*o**3 + 9*o**2 - 17*o - 11. Let i(k) = 3*k**3 - 19*k**2 + 33*k + 21. Let t(m) = -3*i(m) - 5*u(m). Determine t(a).
5
Let u(b) = -b + 42. Let l = -60 - -62. Suppose t = -2*a - 6, -3 = -l*t + 2*a + 3. Calculate u(t).
42
Let k be 1 - (51/7 - 24/84). Let x(c) be the second derivative of -c**4/12 - 5*c**3/6 - 3*c**2/2 - 9*c + 2. Calculate x(k).
-9
Let l(m) = -2*m + 12. Let z be (-140)/196 - (-4)/(-14). Let f(p) = -p + 1. Let i(w) = z*l(w) + 3*f(w). Give i(0).
-9
Let k(h) = 4*h - 59. Let v = 2055 + -2038. What is k(v)?
9
Let n be 6/(-123) + 16/328. Let a(g) be the third derivative of n + 0*g - 1/24*g**4 + 1/3*g**3 - 8*g**2. Give a(4).
-2
Let n(u) be the second derivative of -u**5/20 + 35*u**4/12 - 32*u**3/3 - 71*u**2/2 - 1503*u. Determine n(33).
-5
Suppose 4563*j - 6 = -3*b + 4566*j, 4*b = -2*j + 14. Let r(n) = -n**3 + 6*n - 21. Determine r(b).
-30
Let n be (4 - 2 - 3)*-10. Let m(g) = 3 + 2*g + 3 - n*g**2 + 2*g**2 - g**3 + 13*g**2. Let o(c) = c**2 - 2*c - 2. Let d be o(4). What is m(d)?
-18
Suppose 7 - 3 = -2*l. Let f(k) = -1 + 13901*k - 13901*k - 52*k**2 + 24*k**2 + 24*k**2. Calculate f(l).
-17
Let s(n) = 5*n**3 + 156*n**2 + 176*n - 123. Let h be s(-30). Let k(b) = 51*b + 6. Give k(h).
-147
Let m(c) = -c**3 - 9*c**2 - 6*c + 18. Let f be m(-8). Let y be -9*f*3/(-27). Suppose d - y = 1. Let z(x) = -5*x - 2. Give z(d).
-17
Let p(u) = 6*u + 11. Let w(c) = 5 + 2*c - 4 - c. Let h(r) = p(r) - 3*w(r). Let j = 9265 + -9271. Calculate h(j).
-10
Let r(w) be the first derivative of 4*w**2 + 1/4*w**4 - 109 - 2*w**3 - 8*w. Calculate r(5).
7
Let v = 51 - 31. Let o(r) = -r**3 - 18*r**2 - r + 2. Let p be o(-18). Let l(y) = v*y + p*y - 42*y + 3. Determine l(5).
-7
Let b(m) = 632*m - 32. Let l(o) = -1545*o + 79. Let g(s) = 22*b(s) + 9*l(s). Suppose 52 = -2*d - 2*d. What is g(d)?
20
Let s(y) = 3707017 + y**2 + 3*y - 3707017 - 2*y**2. Determine s(5).
-10
Let t(u) = u - 36*u - 1 + 37*u. Determine t(1).
1
Let k = 121 + -112. Let s(a) = 0*a**3 - a**3 - k*a - a + 11*a**2 + 2 + 7*a + 2*a. Determine s(11).
-9
Let r(o) = 80*o + 2*o**2 + 476 - 144 - 256. Give r(-39).
-2
Let c(q) be the second derivative of 7/6*q**3 - 1/12*q**4 + 0 - 31*q - 3/2*q**2. Suppose 5*x - 34 + 9 = 0. What is c(x)?
7
Let o(q) = q**2 + 6*q - 3. Suppose -2*d = -z - 186, -5*z - 24 + 128 = d. Let k = -90 + d. Suppose 4*x = -4*b - 12, -4*b + k*x - 30 = -b. Give o(b).
-3
Let z(q) = q**2 - 8*q. Let x(k) be the first derivative of k**3/3 - 3*k**2 - 157. Let v(p) = -4*x(p) + 3*z(p). What is v(2)?
-4
Let u(s) = -80 - 17827*s - 21 + 8904*s + 8918*s. Give u(-23).
14
Suppose -4*a + 7*a - 2*j - 6 = 0, -5*j + 2 = a. Let p(v) = 5*v**2 + 2*v - 3 - 16*v**2 + 9*v**a. Suppose -2*q + 14 = -0*q + 2*y, 5*q + 3*y = 25. What is p(q)?
-7
Let x(w) = -w**3 - 6*w**2 + 5*w + 7. Let l be x(-7). Suppose -l = 127*h - 124*h. Let i(d) = -4*d - 2. Calculate i(h).
26
Let k(p) = -p**3 - 12*p**2 + 16*p + 32. Suppose -2*h - 19 = j, -268*j - 5 = 2*h - 265*j. Give k(h).
-7
Let t(j) = 6*j**3 + j**2 - 11*j + 17. Let m(p) = 4 - 2 - p**3 - p**2 - 4 + p + 1. Let a(w) = 5*m(w) + t(w). Determine a(5).
7
Let h(q) = -3*q. Let u(w) be the third derivative of -w**4/24 + 12*w**2. Let s(j) = -5*h(j) + 18*u(j). Calculate s(4).
-12
Suppose -27*p = -74*p + 282. Let a(r) = p*r - 23 - 4*r + 39 - 55. Give a(16).
-7
Let x(t) = -1 + 0*t + t**2 + 2 - 3*t. Suppose 2071 - 663 = 352*w. Determine x(w).
5
Let u(b) be the second derivative of b**4/12 - 7*b**3/3 - b - 408. Give u(12).
-24
Suppose 9*k + 12 = -6. Let s(u) = -5*u - u + 1 + 3*u - 5*u. Let h(i) = 4*i - 1. Let t(j) = -5*h(j) - 3*s(j). Calculate t(k).
-6
Let c(n) be the third derivative of n**5/12 + n**4/24 - n**3/6 + 11*n**2. Let y be c(-1). Let v(g) = y*g - 217 - 2*g + 218. Calculate v(-5).
-4
Let g(m) = -8*m - 3. Suppose 92 = -6*v + 10*v. Let x = 25 - v. Suppose -5*w - 8 - x = 0. What is g(w)?
13
Let j(s) = 19*s**3 + 9*s**2 - 20*s + 1. Let w(u) = 48*u**3 + 18*u**2 - 40*u + 2. Let t(q) = -5*j(q) + 2*w(q). Give t(6).
11
Let d be ((-1)/(-70))/((-28)/(-98)). Let z(m) be the second derivative of -2/3*m**4 + 0 - 9/2*m**2 + d*m**5 - 16*m - 4/3*m**3. What is z(9)?
0
Let z(a) = a**3 - 14*a**2 - 3. Suppose 2*g + 404 + 194 = 0. Let c = g - -313. Calculate z(c).
-3
Let m(t) = -2*t**2 + 13*t + 167. Let u be m(-7). Let r(i) = 2*i + 48. Determine r(u).
4
Let q be 2 + 265/159*(-18)/(-10). Let f(s) = -28*s + 9. Calculate f(q).
-131
Let t(y) = -2 + y**3 + 8*y**2 + 4*y + 3*y + 4*y. Let m be -4*(7/14)/((-1)/(-3)). Let z be t(m). Let l(k) = k**2 - 5*k + 1. Calculate l(z).
-3
Let f(o) = o**3 + 14*o**2 + 23*o - 1. Let g(b) = -2*b**2 - 26*b - 96. Let v be g(-6). Calculate f(v).
11
Let i(y) = 4*y**2 + 2*y - 11. Let g(h) = -7*h**2 - 5*h + 21. Let v(c) = 3*g(c) + 5*i(c). Suppose 0 = -5*x - 0*x - 150. Let l be (70/25)/(12/x). What is v(l)?
-6
Let p(v) = v**3 + 8*v**2 + 4*v - 3. Let m = 654 + -622. Let i(h) = 6*h - 198. Let a be i(m). Determine p(a).
45
Let b(w) = w**3 + w**2 - 3*w - 1. Let l(s) = -4*s**3 - 6*s**2 + 27*s + 1. Let f(g) = 3*b(g) + l(g). What is f(-6)?
-2
Let a(x) be the second derivative of -x**4/6 - 5*x**3/3 + 12*x**2 - 267*x. Let u(s) = -s**2 - 3*s + 7. Let g(p) = 2*a(p) - 7*u(p). Determine g(-2).
9
Let c(r) = 16*r**3 - 50*r**2 + 78*r + 122. Let y(w) = 3*w**3 - 2*w**2 + w + 2. Let l(x) = c(x) - 5*y(x). What is l(38)?
-2
Let w be -3 - -1*2 - 1. Let g be 2/(-3) + (-143)/(-3). Let b(v) = -24 + g + 2*v**2 + 2*v - 21. Give b(w).
6
Let z(n) be the first derivative of -7*n**3/3 + n**2/2 - 611. Suppose -2 = 2*i - 4*i. What is z(i)?
-6
Let v(r) = -9*r**3 - 6*r**2 + 2*r - 16. Let t(p) = -2*p**3 - p**2 + p - 5. Let x(m) = 3*t(m) - v(m). Calculate x(-1).
0
Suppose a = 3*a - j - 212, -4*a - 3*j + 444 = 0. Let r be (36/a)/((-2)/18). Let x(s) = -s - 5. Give x(r).
-2
Let f(y) = -y**2 + 3*y + 5. Let d = -14367 + 14361. Determine f(d).
-49
Let n be (-73)/(-1 - 0 - -2). Let h = n - -76. Let a(j) = 6*j - j - 358*j**2 + 363*j**2 + 3 + j**h. Determine a(-3).
6
Let u(t) = -3*t**2 - 12*t - 16. Let q(h) = 20*h**2 + 71*h + 97. Let p(d) = 2*q(d) + 13*u(d). Let m be p(15). Let n(w) = 20*w**2 - 1. Calculate n(m).
19
Let c(h) = 3*h**2 - 2*h - 2. Let s be -2*(1 + 3/2). Let k(n) = -n - 7 + 540*n**2 - 270*n**2 + 6 - 269*n**2. Let i(u) = s*k(u) + 2*c(u). Determine i(0).
1
Let o(n) be the third derivative of -5*n**4/8 + 197*n**3/6 - 87*n**2 + 2. What is o(13)?
2
Let s be 10 + -11 - 1*-3 - -14. Suppose 0 = s*r - 4*r. Let q(n) = n + 5*n + r*n - 1 - 8*n. Determine q(1).
-3
Let o(f) = -27 - 12*f + f**2 + 35 - 59 - 59 - f. What is o(19)?
4
Let j(x) be the third derivative of x**5/20 - 25*x**4/24 + 5*x**3/6 + 2*x**2. Let f(c) = -2*c**2 + 17*c - 4. Let v(l) = -7*f(l) - 5*j(l). What is v(6)?
3
Let j(u) = -u**3 - 2*u**2 - u. Let v(n) = 5*n**3 - 15*n - 3. Let i(y) = 4*j(y) + v(y). What is i(10)?
7
Let u(k) = -29*k**2 - 86*k + 223. Let h(a) = -8*a**2 - 22*a + 56. Let g(t) = 11*h(t) - 3*u(t). Determine g(14).
-25
Let k(x) = -x + 6. Let f = -333 + 336. Let p(c) = -c + 4. Let o(z) = f*p(z) - 2*k(z). Give o(2).
-2
Let c(p) = -3*p**2 + 22*p + 11. Let q(z) = -8*z**2 + 46*z + 21. Let b(n) = -5*c(n) + 2*q(n). Calculate b(-13).
52
Suppose 3*x + 29*x = 33*x + 24. Let g(v) = 15*v + 354. What is g(x)?
-6
Let s be 2/(-8) - 7105/(-116). Let f(t) = s*t**3 - 63*t**3 - t**2 - 2*t**2. What is f(-2)?
4
Let c(s) be the third derivative of -s**5/60 + 5*s**4/24 - s**3/2 - 8*s**2. Suppose -196 = -60*l + 176 - 132. Give c(l).
1
Let b(m) be the second derivative of 2*m**3 - 10*m**2 - 1/20*m**5 + 0 + 69*m - 13/12*m**4. Determine b(-14).
8
Let d be (2/(-5))/(8 - 2025/250). Let h(p) be the first derivative of 6*p - 3/2*p**2 - 2. Calculate h(d).
-6
Suppose 0 = 129*y - 150*y. Let i(a) be the first derivative of a + y*a**2 + 7 - 2/3*a**3. Give i(2).
-7
Suppose 8 = -0*g - 2*g. Let n(x) = -1446*x - 1412*x - 2*x**2 - 1446*x + 4298*x. What is n(g)?
-8
Let s be (54/(-15))/(36/(-3480)) - 0. Let k(m) = -349 + 696 - s 